29. Give a(-4).
-17
Let g(n) = 5*n**3 + 16*n**2 - 189*n + 35. Determine g(-8).
11
Let h(y) = 287*y + 219. What is h(0)?
219
Let h(w) = -w**3 - 5*w**2 + 20. What is h(-4)?
4
Let v(s) = 18*s + 998. Calculate v(-53).
44
Let u(d) = -112*d + 1267. Calculate u(11).
35
Let g(k) = k**3 + 56*k**2 - 51*k + 310. Determine g(-57).
-32
Let w(x) = x**3 + 187*x**2 - 8*x + 4. What is w(0)?
4
Let v(k) = 2*k**2 + 28*k - 190. Calculate v(5).
0
Let v(z) = 2*z**2 + 63*z - 169. Calculate v(-34).
1
Let g(n) = -690*n + 2021. What is g(3)?
-49
Let i(t) = 35*t + 458. Determine i(-13).
3
Let o(a) = 3*a**3 + 44*a**2 - 192*a - 217. Calculate o(-18).
-1
Let i(b) = -15*b + 72. Give i(10).
-78
Let q(l) = 4*l**2 - 45*l - 223. Calculate q(-4).
21
Let w(y) = 16*y**2 - 320*y + 21. What is w(21)?
357
Let u(n) = 39*n**3 + 3*n**2 - 2. Calculate u(-1).
-38
Let n(u) = 18*u**2 - 267*u - 41. Determine n(15).
4
Let a(w) = 1946*w + 87568. Calculate a(-45).
-2
Let v(x) = -x**2 + 66*x - 410. Give v(7).
3
Let l(x) = 96*x**2 - 397*x + 38. Calculate l(4).
-14
Let q(b) = -b**2 - 76*b + 4629. What is q(40)?
-11
Let l(i) = 18*i + 868. Calculate l(-52).
-68
Let y(n) = 742*n - 8911. Calculate y(12).
-7
Let l(d) = -2*d**2 - 31*d + 381. Give l(8).
5
Let w(b) = 2*b**2 + 69*b + 427. Calculate w(-26).
-15
Let q(i) = i**3 + 65*i**2 - 63*i - 97. Calculate q(-66).
-295
Let v(h) = 10*h**2 - 37*h + 13. Give v(7).
244
Let m(d) = -d**2 + 26*d + 8. Give m(13).
177
Let r(p) = 2*p**2 + 72*p + 356. Determine r(-30).
-4
Let h(z) = 8*z**2 - 49*z + 5. What is h(8)?
125
Let y(o) = 13689*o - 13685. What is y(1)?
4
Let r(n) = -791*n + 15. Determine r(0).
15
Let w(q) = q**2 - 39*q - 14. Calculate w(12).
-338
Let a(b) = b**3 - 24*b**2 - 9*b + 17. Give a(25).
417
Let h(t) = -3*t**3 + 22*t**2 + 204*t + 227. Calculate h(13).
6
Let c(u) = -2*u**3 + 8*u**2 - 16*u + 27. What is c(3)?
-3
Let g(a) = -a**3 + 5*a**2 + 12*a + 45. What is g(8)?
-51
Let x(y) = -15*y**2 + 292*y - 124. Give x(19).
9
Let d(g) = -9*g + 588. What is d(64)?
12
Let p(c) = -276*c - 1025. Determine p(-4).
79
Let c(h) = -72*h - 2391. Calculate c(-34).
57
Let m(w) = -120*w - 2719. Calculate m(-23).
41
Let b(z) = z**2 + 74*z + 1356. Determine b(-36).
-12
Let g(q) = -27*q + 683. Calculate g(26).
-19
Let w(x) = 24*x - 1894. Calculate w(99).
482
Let t(o) = 16*o + 9. Determine t(7).
121
Let n(m) = 3*m**3 + 26*m**2 + 50*m. Give n(-2).
-20
Let u(j) = 22*j - 3395. Calculate u(154).
-7
Let x(o) = 865*o - 4238. What is x(5)?
87
Let t(z) = -524*z + 36681. Calculate t(70).
1
Let v(m) = -m**3 + 76*m**2 + 171*m - 1231. Calculate v(78).
-61
Let s(b) = -640*b - 4480. Determine s(-7).
0
Let m(f) = 37*f + 648. What is m(-18)?
-18
Let q(p) = -4*p**3 - 270*p**2 - 398*p - 111. Determine q(-66).
21
Let g(z) = -z**3 - 21*z**2 + 444*z + 88. Calculate g(-34).
20
Let c(t) = -3*t**2 + 4*t + 396. Give c(12).
12
Let m(y) = -2*y**3 - 176*y**2 + 1127*y - 97. Calculate m(-94).
-3
Let r(s) = 2*s**2 - 123*s + 990. What is r(52)?
2
Let u(h) = -6923*h - 69235. What is u(-10)?
-5
Let w(c) = c**3 - 12*c**2 + 9*c + 53. Determine w(11).
31
Let q(b) = -b**3 - b**2 + 3*b + 47. Determine q(-7).
320
Let x(i) = -2*i**3 - 14*i**2 + 132*i + 616. Give x(-4).
-8
Let b(k) = -k**2 - 20*k - 367. Determine b(-32).
-751
Let v(f) = 2*f**3 + 59*f**2 + 36*f + 200. Calculate v(-29).
-3
Let y(v) = 2*v**2 - 21*v - 59. Calculate y(-9).
292
Let q(r) = -7*r**3 - 9*r**2 - 6. Calculate q(0).
-6
Let s(f) = -f**3 - 7*f**2 + 35*f + 260. Calculate s(-6).
14
Let c(d) = 3*d**2 - 20*d - 942. Determine c(22).
70
Let a(i) = 11*i + 483. Give a(-51).
-78
Let n(c) = 664*c - 2995. What is n(5)?
325
Let x(n) = -242*n - 42. Calculate x(0).
-42
Let w(q) = 2*q**2 - 2*q + 1. Determine w(2).
5
Let s(f) = -43*f - 589. What is s(-9)?
-202
Let g(i) = 5*i**3 + i**2 + 3*i + 29. Determine g(-3).
-106
Let w(j) = -199*j + 674. Calculate w(5).
-321
Let z(q) = 46*q + 879. Determine z(-17).
97
Let y(a) = 57*a - 717. What is y(23)?
594
Let l(c) = 5*c + 257. Calculate l(-55).
-18
Let r(v) = -217*v + 411. Calculate r(2).
-23
Let s(y) = -y**3 - 2*y**2 + 12*y + 7. Give s(6).
-209
Let l(a) = -a**3 - 5*a**2 + 25. Give l(0).
25
Let z(j) = -j**3 - 136*j**2 - 2513*j - 560. Give z(-114).
10
Let b(o) = -16*o - 1333. Give b(-85).
27
Let t(j) = -8*j**3 - 40*j**2 + 6*j + 17. Give t(-5).
-13
Let j(c) = -c**2 - 107*c - 1226. What is j(-13)?
-4
Let z(d) = -2*d**2 - 28*d + 76. Give z(-20).
-164
Let y(n) = -n**2 - 93*n - 1538. Calculate y(-71).
24
Let y(o) = -33*o + 463. Determine y(12).
67
Let f(p) = -164*p - 19. What is f(0)?
-19
Let v(g) = -2*g - 90. Give v(0).
-90
Let b(p) = 1709*p**2 - 15375*p - 49. Calculate b(9).
5
Let i(j) = 417*j - 10049. What is i(24)?
-41
Let t(a) = 23*a**2 + 74*a - 5. What is t(-3)?
-20
Let c(a) = -10*a**2 + 36*a + 347. Give c(8).
-5
Let t(k) = 3*k**3 + 53*k**2 - 18*k + 34. What is t(-18)?
34
Let k(o) = 62*o - 1323. Calculate k(21).
-21
Let t(j) = j**2 - 36*j + 226. Give t(28).
2
Let h(s) = -s**3 + 56*s**2 - 182*s + 156. What is h(2)?
8
Let j(m) = 2*m**3 - 25*m**2 + 52*m - 485. What is j(12)?
-5
Let i(o) = -2*o**2 + 32*o + 71. Calculate i(28).
-601
Let s(b) = b**3 + 99*b**2 + 194*b + 90. Determine s(-97).
90
Let q(s) = -4*s - 30. Give q(11).
-74
Let v(o) = -3*o**3 - 68*o**2 + 21*o - 46. Calculate v(-23).
0
Let q(u) = -u**3 + 123*u**2 - 620*u + 3550. Determine q(118).
10
Let l(z) = 1849*z + 153446. Give l(-83).
-21
Let v(d) = -19*d**2 + 14*d - 29. Give v(2).
-77
Let c(m) = -m**3 - 8*m**2 + 33*m + 208. Calculate c(-9).
-8
Let n(h) = -469*h - 2835. What is n(-6)?
-21
Let p(t) = -24*t + 607. Give p(28).
-65
Let j(u) = 2059*u + 10296. What is j(-5)?
1
Let f(c) = -c**2 + 8*c + 39. What is f(-4)?
-9
Let q(w) = 3*w**2 - 128*w + 124. What is q(37)?
-505
Let l(u) = u**2 + 96*u + 1620. What is l(-28)?
-284
Let n(y) = -213*y**3 - 2*y**2 + 23*y + 24. Calculate n(-1).
212
Let k(a) = -2*a**3 - 18*a**2 - 90*a - 821. Calculate k(-9).
-11
Let s(x) = x**3 + 8*x**2 + 22*x + 430. Give s(-10).
10
Let n(d) = d**3 + 64*d**2 - 61*d + 324. Determine n(-65).
64
Let v(d) = -5*d**2 + 59*d + 429. What is v(-5)?
9
Let r(f) = f**3 - 10*f**2 - 26*f + 28. Calculate r(11).
-137
Let x(m) = -697*m - 42519. Give x(-61).
-2
Let w(n) = n**3 - 6*n**2 + 24*n - 106. What is w(9)?
353
Let n(x) = -6*x - 174. Determine n(-31).
12
Let x(k) = -k**3 + 29*k**2 + 145*k - 4201. What is x(29)?
4
Let c(b) = -25*b + 1683. Give c(67).
8
Let h(w) = 1021*w + 2049. What is h(-2)?
7
Let v(m) = -m**2 - 223*m - 459. Give v(-2).
-17
Let s(i) = -5*i**2 + 177*i + 106. Determine s(36).
-2
Let w(h) = -4*h**3 - 9*h**2 - 46*h - 42. What is w(-4)?
254
Let g(i) = 106*i + 3386. Give g(-32).
-6
Let x(c) = c**3 - 4*c**2 - 21*c - 5. Determine x(0).
-5
Let m(y) = y**2 - 409*y - 7264. Calculate m(-17).
-22
Let c(g) = -2*g**2 - 66*g + 328. Determine c(5).
-52
Let a(s) = 2*s**3 - 4*s**2 - 35*s + 28. Calculate a(5).
3
Let a(f) = -71*f + 417. Calculate a(6).
-9
Let y(t) = 201*t - 3. What is y(0)?
-3
Let p(l) = l**3 + 3*l**2 - 186*l - 36. Determine p(-15).
54
Let t(g) = -g**3 + 63*g**2 + 66*g - 128. Determine t(64).
0
Let w(l) = 2*l**3 + 99*l**2 + 1225*l + 3. Determine w(-24).
-21
Let k(a) = -a**3 + 20*a**2 - 37*a - 25. Give k(18).
-43
Let j(w) = 192*w - 1918. Determine j(10).
2
Let p(r) = r**3 + 19*r**2 + 59*r - 14. Calculate p(-15).
1
Let s(i) = i**3 - 6*i**2 - 41*i - 40. Calculate s(-3).
2
Let v(z) = 33*z**3 + 180*z**2 + 79*z + 12. Determine v(-5).
-8
Let s(f) = -112*f**2 + 5598*f + 49. Determine s(50).
-51
Let n(u) = 97*u + 118. What is n(0)?
118
Let o(k) = 211*k - 140. Calculate o(6).
1126
Let y(i) = -5*i**2 - 14*i + 3. What is y(-7)?
-144
Let d(s) = 134*s - 1681. What is d(13)?
61
Let v(o) = -o**2 + 726*o + 9610. What is v(-13)?
3
Let a(g) = -7*g + 318. Calculate a(46).
-4
Let v(l) = 8*l - 416. What is v(56)?
32
Let u(d) = -2*d**3 + 164*d**2 - 6*d + 554. Determine u(82).
62
Let y(z) = 11*z**2 - 251*z - 41. What is y(23)?
5
Let y(x) = -148*x - 7248. Give y(-49).
4
Let o(u) = u**3 - 16*u**2 - 21*u + 96. What is o(16)?
-240
Let b(y) = y**3 + 31*y**2 + 150*y + 9. What is b(-25)?
9
Let w(p) = 3*p**2 - 73*p + 329. Determine w(19).
25
Let x(j) = -2*j**2 - 197*j + 2052. What is x(-108)?
0
Let b(f) = -f**3 - 10*f**2 + 2*f - 92. Give b(-11).
7
Let f(y) = -y**2 + 1343*y - 18559. Determine f(14).
47
Let d(p) = -11*p**3 - 2*p**